Let x be -1 + (8/12)/((-2)/(-18)). What is the greatest common divisor of x and 10?
5
Let d be ((-2)/3)/((-3)/9). Let w be (4/(-1) + 26)/d. Calculate the greatest common divisor of w and 1.
1
Suppose 5*n = -3*b + 7, 14 - 1 = 5*n - 3*b. Let f = 1 - n. Let j = f + 2. Calculate the highest common factor of 4 and j.
1
Let t = -21 + 77. Suppose 11 = 2*m + 5*s + 43, 4*m - 2*s = -40. Let k = m - -25. Calculate the highest common factor of t and k.
14
Let d(u) = -161*u. Let h be d(-1). What is the greatest common divisor of h and 23?
23
Let q = 136 + -71. Let a be 65 + 0*(-3)/6. Let y = a + -39. Calculate the highest common factor of y and q.
13
Let s(u) = 12*u - 7. Let f be s(7). What is the greatest common divisor of 7 and f?
7
Let q(l) = -l - 1. Let z be q(-9). Suppose -36 = -2*x + 44. What is the highest common divisor of z and x?
8
Let h = 3 + -31. Let g be (-20)/h - 2/(-7). Suppose -4*f + 1 = -3. What is the greatest common divisor of f and g?
1
Let j = -34 + 35. Let x = 11 + -2. What is the greatest common factor of j and x?
1
Let c(w) = 2*w**2 - 5*w + 7. Let y be c(5). Calculate the greatest common divisor of 80 and y.
16
Let z be 3*(3 - (3 - -1)). Let b(r) = 3*r**2 + 3*r. Let l be b(z). What is the greatest common divisor of l and 2?
2
Let b be 4490/60 + (-1)/(-6). Suppose 0 = -3*v - 12 + b. Suppose 0 = 3*p - 7*y + 3*y - 437, y = 4*p - 587. What is the greatest common factor of v and p?
21
Let l be (33/(-22))/((-1)/(-2)). Let m be 114/(-4)*16/l. What is the highest common divisor of 19 and m?
19
Suppose 186 = 3*g - 2*d, -4*g + 4*d + 90 + 162 = 0. Suppose 0 = y - 50 - g. What is the highest common factor of 10 and y?
10
Suppose 160 = w + 5*x, -5*w + 6*x - x + 650 = 0. What is the greatest common factor of w and 15?
15
Let q = 1 + 0. Let o(x) = x + 0 + 4*x**2 - q + x. Let j be o(-2). Calculate the greatest common divisor of 11 and j.
11
Let v = 42 + -41. Let c be -2 + 3 - -1*1. Suppose c*g = -2*g + 32. What is the highest common factor of v and g?
1
Let a be (-1 - (-17 + -3)) + -4. Calculate the highest common divisor of 5 and a.
5
Let i = 35 + -25. Let s be i*(28/10 - 2). What is the highest common divisor of s and 2?
2
Let s(a) = a**2 - 2. Let x(z) = z**2 + 7*z + 2. Let u be x(-6). Let l be s(u). Calculate the highest common factor of l and 98.
14
Suppose 4*n - 61 - 119 = 0. Suppose 2*b = -0*b + 4. Suppose w - 15 = -b*w. Calculate the greatest common factor of n and w.
5
Let f be 1 - (3 + (-8)/2). Suppose f*x - 13 = -5. What is the highest common factor of 36 and x?
4
Suppose k = -5*u + 5, k - 3 = 2*u - 5*u. Suppose 0 = 2*c - k*c - 2. Let y be c/2 + (-45)/(-6). Calculate the highest common factor of 32 and y.
8
Suppose -4 = k + 3*w, k + w = 4*w + 8. Suppose 4*q - 16 = k*q. Calculate the greatest common divisor of q and 12.
4
Let i(t) = 8*t + 6. Let m be i(15). What is the highest common factor of m and 18?
18
Let z(r) = -r**3 + 14*r**2 - 12*r - 15. Let g be z(13). Let i = g + 10. What is the highest common divisor of i and 1?
1
Let j(d) = -119*d + 2. Let a be j(-1). Suppose -2*l + 2*z = -28, 3*l - z = -l + 47. Calculate the greatest common divisor of a and l.
11
Suppose -n = n - 14. Let a(b) = 4*b**2 + b - 4. Let r be a(3). What is the greatest common factor of n and r?
7
Let h = 68 - 54. What is the highest common factor of h and 1?
1
Let c be ((-3)/6)/((-2)/(-16)). Let g = 24 + -13. Let n = c + g. Calculate the highest common divisor of 56 and n.
7
Let x be 1/(1/11) + -3. Calculate the highest common divisor of 8 and x.
8
Let w be (-3)/((-35)/30 + 1). Calculate the greatest common divisor of 9 and w.
9
Suppose 29 = p - 4. Let m be -3*(-1)/1 + 1. Suppose 0 = -m*z + 5*z - 22. What is the highest common divisor of z and p?
11
Let j(b) = 13*b + 1. Let r be j(2). Suppose 0 = -4*h + h + r. Calculate the greatest common divisor of h and 9.
9
Let x be (-4)/(-10) + (-2820)/(-75). Calculate the highest common divisor of 95 and x.
19
Let t = -220 + 556. Calculate the greatest common factor of 42 and t.
42
Suppose 2*t - 3*a - 14 = 17, 0 = 5*t + a - 35. Calculate the greatest common divisor of t and 40.
8
Let b(t) = -7*t. Let j be b(-8). Calculate the greatest common factor of j and 7.
7
Let z(q) = q**2 - 3*q + 7. Let m be z(3). Calculate the highest common divisor of m and 35.
7
Let a(f) = -f**2 + 9*f - 1. Let s = -10 + 16. Let c be a(s). What is the greatest common divisor of c and 68?
17
Suppose -739 = -7*t + 346. Calculate the greatest common factor of 62 and t.
31
Let v(x) = 6*x - 30. Let r be v(15). Let i be -1 + 1 + 6*2. Calculate the greatest common factor of r and i.
12
Suppose 19 = 5*z - 2*a + 2, 0 = 5*z - 4*a - 19. Calculate the highest common divisor of z and 15.
3
Let y = 80 + -44. Calculate the greatest common divisor of y and 72.
36
Let v be 1/(-4) - (-18)/8. Let d be v/(11/(-13) + 1). Suppose 0 = 3*o + 48 - 321. Calculate the greatest common divisor of d and o.
13
Suppose -4 = -4*m + 2*m. Suppose -5*t + 70 = -4*n, 0*t - t + m*n + 8 = 0. What is the greatest common divisor of 162 and t?
18
Let t(n) = n**3 - 4*n**2 - 2*n - 1. Let m = 16 + -11. Let y be t(m). What is the highest common divisor of 98 and y?
14
Suppose -2*c + 18 = 6. Let l(g) = 3*g - 12. Let n be l(c). Calculate the highest common divisor of n and 4.
2
Let k(r) = r**3 + 9*r**2 + 4*r + 4. Let j(i) = i**2 - 5*i - 4. Let v be j(4). Let s be k(v). Calculate the greatest common factor of 24 and s.
12
Suppose 13 = 3*u - h, -h = -2*u - 2*h + 17. Suppose -j + 27 - u = 0. Let n = j - 15. What is the highest common divisor of 6 and n?
6
Suppose 5*w - 9 = 6. Suppose w*z - 159 - 3 = 0. Suppose 0*x = -2*x + 12. What is the greatest common divisor of x and z?
6
Let a be -10 + 14 + (252 - 1). Calculate the highest common factor of 15 and a.
15
Let c(b) be the second derivative of 91*b**4/12 - b**3/6 + b**2/2 + b. Let r be c(1). Let w = -28 + 41. Calculate the highest common divisor of r and w.
13
Suppose i + 2*i - 135 = 0. Let m = 40 + -22. Suppose j = 2*j - m. Calculate the highest common factor of j and i.
9
Let p = -2 + 6. Let k be ((-2)/p)/(3/(-36)). Suppose 0 = -5*j + 13 + 17. What is the highest common factor of k and j?
6
Suppose -3*z + 45 = 2*z. What is the greatest common divisor of 72 and z?
9
Let r = -26 - -18. Let k(o) = o**2 + 2*o - 8. Let q be k(r). What is the greatest common divisor of 5 and q?
5
Let t be (9 - 1)*(-8 + 9). What is the greatest common factor of 8 and t?
8
Let g(q) = 5 - 37*q + 1 - 1. Let z be g(-4). What is the greatest common factor of 17 and z?
17
Let u(i) = -i**3 + 3*i**2 + 3*i - 4. Let q be u(3). Calculate the highest common factor of 15 and q.
5
Suppose -2*p = p - 3*v - 243, -5*v = 2*p - 155. Let d = 3 + 17. What is the highest common factor of d and p?
20
Let v = -19 - -24. Calculate the greatest common divisor of 1 and v.
1
Let q(k) = k**2 + k - 3. Let s be q(-4). Suppose 5*x - 53 = -2*g, -2*g - 1 = -2*x + s. Let y = x - 4. What is the greatest common divisor of y and 10?
5
Let w be (11/2)/1*2. Calculate the greatest common factor of 22 and w.
11
Suppose -b - 60 + 66 = 0. Calculate the highest common factor of b and 18.
6
Suppose 5*o - o + 24 = 0. Let k = -3 - o. Suppose c - 95 = -2*h, k*c = -2*h + h + 60. Calculate the greatest common divisor of h and 30.
15
Let m(l) = -5*l - 104. Let s be m(-24). What is the greatest common factor of 6 and s?
2
Let n be (-14)/(-28)*(5 + 1). What is the greatest common divisor of n and 27?
3
Let r(z) = z + 13. Let t be r(-7). Let d be ((-6)/(-4))/(t/8). Calculate the highest common divisor of d and 16.
2
Let t = 24 - 15. What is the highest common factor of 81 and t?
9
Let d be 12 + (3 - 4)*-2. Calculate the highest common factor of d and 98.
14
Let o = -756 - -1350. What is the highest common factor of 54 and o?
54
Let c be ((-14)/(-21))/((-4)/(-54)). Calculate the highest common divisor of c and 72.
9
Let q be 3910/65 + 4/(-26). What is the highest common divisor of q and 150?
30
Let p(c) = -21*c + 56. Let s be p(-12). Calculate the greatest common divisor of s and 28.
28
Suppose 0 = 2*k - 4*k + 4. Let s = 18 + -8. Suppose 7*v - k*v = s. Calculate the highest common factor of v and 16.
2
Suppose 1 = -g + 37. Suppose -d - 2 = -6. Suppose -2*j = -d*j + 48. Calculate the highest common divisor of g and j.
12
Suppo